Let n be 136/544 + 15423/4. What is the highest common divisor of 16 and n?
16
Let m be 29 + (-10 - 10/(-2)). Suppose 6*w + m = 14*w. Calculate the highest common divisor of 3 and w.
3
Suppose -5*h + 3*h + 8 = 0. Let n be (h - 3) + 3 + 19. What is the highest common divisor of 92 and n?
23
Let s be (6*3)/(52/104). Calculate the highest common divisor of s and 4.
4
Let i = -164 + 260. Calculate the highest common factor of i and 36.
12
Let h(s) = 3*s**2 - 2*s + 13 - 2*s**2 - 12 + 10*s**3 - 2*s**3. Suppose t = -2*t + 3. Let p be h(t). What is the greatest common factor of p and 56?
8
Suppose 5841 - 7617 = -8*y. What is the greatest common divisor of y and 30?
6
Suppose 9*u - 17*u + 32 = 0. What is the greatest common divisor of u and 20?
4
Let k = 348 - 308. Calculate the greatest common divisor of 12 and k.
4
Let w(i) = 4*i**3 + i**2 - 7. Let y be w(3). What is the greatest common divisor of 10 and y?
10
Let y = -124 + 163. Let c be y + -3 - ((1 - -1) + -6). Calculate the greatest common divisor of c and 5.
5
Suppose 4*v - 4*s = 16, -v - 4*v - s + 32 = 0. Let m = v + -1. Suppose -70 = -o + 5*p, m*p - p - 70 = -2*o. What is the greatest common divisor of 30 and o?
15
Suppose -l = 3*c - 46, -4*c = -c + 2*l - 47. What is the greatest common divisor of 225 and c?
15
Suppose c + 3*a = 9, 5*a - a = -3*c + 37. Calculate the greatest common factor of 150 and c.
15
Suppose 4 = -r, 5*r + 0*r = -5*f + 190. Let b be (12/(-14))/((-2)/14). Calculate the greatest common divisor of b and f.
6
Let j(w) = 147*w**2 + 37*w. Let u be j(-1). Calculate the highest common divisor of 130 and u.
10
Let v(o) = o**3 - 45*o**2 - o + 60. Let t be v(45). Suppose 2*p = -2*m + 12, -3*m + 21 = -5*p + 3. Calculate the greatest common factor of m and t.
3
Suppose 3*b - 5*b = -2*r + 128, 0 = 2*r + 4*b - 122. Let j be (24/9)/(6/9). Suppose -j*l - 7 = -35. What is the greatest common factor of l and r?
7
Let m be (-1 + 11)/((-12)/(-18)). Suppose 10*i - 7*i = m. Suppose -a + 29 = -11. What is the greatest common divisor of a and i?
5
Let q(s) = 4096*s**3 + 5*s**2 - 7*s + 2. Let b be q(1). Calculate the greatest common divisor of b and 64.
64
Let s be 14/(-3)*30/(-7). Let f(d) = 4*d + 4. Let k be f(-5). Let v = 4 - k. What is the highest common divisor of v and s?
20
Let h(l) = l**2 - 2*l - 5. Let u be h(-2). Suppose -3*v - 5*x + 10 = 0, 2*v = u*x + 8 + 24. What is the greatest common factor of v and 10?
10
Let k be (-6)/4*(-16)/6*15. Calculate the greatest common divisor of k and 48.
12
Let k(l) = l. Let y be k(3). What is the greatest common divisor of 75 and y?
3
Suppose 106 = 5*i - 154. Suppose -623*o + 633*o - 130 = 0. Calculate the greatest common factor of i and o.
13
Let s(z) = 7*z**2 + 7*z - 34. Let t be s(4). What is the greatest common factor of 2650 and t?
106
Suppose -11*g = -10*g - 6. Let y(c) = 2*c - 9. Let t be y(7). Suppose 34 = t*p - 236. Calculate the greatest common factor of g and p.
6
Let u be (-4)/(-1)*2/4. Suppose -3*n + h = u*n - 28, 5*n - 4*h = 37. Suppose 0 = 4*f - n*f + 1. What is the highest common divisor of 11 and f?
1
Suppose -7*k + 135 = -159. Calculate the greatest common divisor of 102 and k.
6
Let p be -2 + 0 - (-140)/(-14). Let z be (63/p)/(3/2)*-2. Calculate the greatest common divisor of z and 63.
7
Let c(t) = t**3 + 7*t + 2. Let r(h) = 3*h**3 + h**2 + 15*h + 5. Let y(a) = 5*c(a) - 2*r(a). Let o be y(-4). What is the highest common factor of 96 and o?
12
Suppose -25 = -5*g + 3*f, -3*g + f = g - 20. Suppose n + 96 = g*n. Let s = 10 + -7. Calculate the greatest common divisor of n and s.
3
Suppose 3*z = z. Let m = z - 2. Let i be (23 + -1)*m/(-4). What is the highest common factor of 44 and i?
11
Let w be (397 + -430)/(-1*3/10). What is the greatest common divisor of w and 66?
22
Let x be 1362/8 + (-7)/28. Suppose 3*u = x + 10. Suppose 2*k - 31 + 7 = 0. Calculate the greatest common factor of u and k.
12
Suppose -669 + 194 = -3*c + 2*o, -4*c + o + 640 = 0. Calculate the greatest common factor of 115 and c.
23
Let p be ((-16)/10)/(4/(-30)). Let s(z) = 1 - 2*z + 5 - 2*z + 7*z. Let f be s(0). Calculate the greatest common divisor of f and p.
6
Suppose 4*n - 68 = 4*t, -22*n + 18*n = t - 43. Calculate the greatest common factor of n and 888.
12
Let d be (-4)/(0 - -4) - -15. Let h(s) = 13*s - 8. Let u be h(6). Calculate the greatest common factor of d and u.
14
Let t be 4/(0 - -4) - (-4 + 1). Suppose -3*p - 20 = -x + 29, -t*p = 12. Calculate the greatest common divisor of 120 and x.
40
Let d = -841 - -1041. What is the highest common factor of d and 25?
25
Suppose 0 = -3*x + l + 14, -2*x - 2*l - 14 = 2*l. Suppose -3*g = -x*v + 150, 112 - 8 = 2*v - 3*g. What is the highest common factor of 115 and v?
23
Let v = -8 + 11. Let l be -1*-3*v/3. Suppose -46 = -l*p - 16. What is the highest common divisor of p and 2?
2
Suppose 6 = -4*v - 6. Let t be -1 - (v + 0 + -2). Let c = 105 - 77. What is the highest common factor of t and c?
4
Suppose 0 = 38*m + 17*m - 495. Calculate the greatest common divisor of 1494 and m.
9
Let l be 4/((-2)/(-3)*-3). Let x be 21/2 + l/4. What is the highest common factor of 40 and x?
10
Suppose 0 = -v - i + 44, 3*v + 4*i - 70 = 60. Let d = 47 - v. What is the greatest common divisor of 5 and d?
1
Suppose -4*t = -3*a - 403, 4*t + 107 = 5*t - 2*a. Let w = 268 - t. Calculate the greatest common factor of w and 19.
19
Let l be (-47880)/112*4/(-6). What is the greatest common factor of l and 228?
57
Suppose 5*f - 77 = -k - 27, 3*f - 272 = -5*k. What is the greatest common divisor of k and 5?
5
Let i = 397 - 245. Calculate the highest common factor of i and 8.
8
Let c be -1 + (-20)/4*-3. Let o be 22/(-10)*2*(-35)/c. What is the greatest common divisor of o and 187?
11
Let s = 67 + -75. Let t(r) = -r**3 - 7*r**2 + 7*r + 2. Let d be t(s). Calculate the greatest common factor of 100 and d.
10
Suppose -w + 0*w + 141 = p, p + 5*w = 129. What is the highest common divisor of p and 96?
48
Suppose 385 + 29 = 23*f. What is the greatest common factor of 2 and f?
2
Let c(x) be the second derivative of x**4/12 - 7*x**2/2 + 9*x. Let i be c(-3). Let n be (-1)/((i - 5)/3). What is the greatest common factor of 11 and n?
1
Let n(b) = -b**2 + 10*b - 12. Suppose 11*g = 6*g + 40. Let w be n(g). Suppose -w*o = -2*o - 60. What is the greatest common factor of 45 and o?
15
Let j(d) = 11*d + 58. Let g be j(-5). Let y be ((-88)/(-12))/(1/g). Calculate the greatest common divisor of y and 55.
11
Let a = 136 - 142. Let z be 11 - (a/10 - 24/(-40)). Calculate the greatest common divisor of 99 and z.
11
Let y be -1*(-8)/(-12)*6. Let a = -1 - y. Suppose -a*g + 3 = -3*z, 4*z = 5*g - 6 - 4. Calculate the highest common factor of g and 2.
2
Let a be ((-12)/(-10))/(9/120). Let s be (996/581)/(3/28). Calculate the highest common factor of a and s.
16
Let b = 233 + -184. What is the greatest common factor of 7 and b?
7
Let r(o) = -2*o - 14. Let b be r(-4). Let a be 50 - (-2 - b - (8 - 0)). What is the highest common divisor of 36 and a?
18
Suppose 13 = -5*u - 17. Let y be (24/15)/(u/(-180)). What is the greatest common divisor of 4 and y?
4
Let f be ((-128)/48)/((-1)/((-30)/(-4))). Let m = f + 28. Calculate the highest common divisor of 16 and m.
16
Suppose 25*s - 23*s - 110 = 0. Let t = -20 + s. Calculate the highest common factor of t and 7.
7
Let x = -22 - 20. Let r be ((-3)/6)/(3/x). Let t be -2 - -9*(-4 + 5). What is the highest common factor of t and r?
7
Let v = -128 - -161. Let t be 20/11 + -2 + (-6538)/(-22). Calculate the greatest common factor of v and t.
33
Suppose -153 = -7*s - 10*s. Calculate the greatest common factor of 819 and s.
9
Let h be 18/(-3) + (-44)/(-2). What is the highest common factor of 144 and h?
16
Suppose 0 = 670*k - 675*k + 75. Calculate the highest common divisor of k and 195.
15
Let z(u) = u**3 - 6*u**2 - 18*u + 20. Let x be z(8). Let w(r) = -r**3 - 2*r**2 + 5*r - 2. Let a be w(-4). What is the highest common divisor of x and a?
2
Let t = 34 - 21. Suppose x + 2*l - 9 - t = 0, -2*x - 3*l = -39. Let z be (5 - 1)/(x/18). What is the greatest common divisor of z and 9?
3
Let l(k) = 5*k**2 + 8*k - 2. Let o(g) = -g**2 + 8*g - 21. Let x be o(5). Let z be l(x). Calculate the highest common divisor of z and 26.
26
Suppose -80 = -17*y - 3*y. What 